{"id":27,"date":"2025-04-21T19:51:08","date_gmt":"2025-04-21T17:51:08","guid":{"rendered":"https:\/\/dirigeant-mentaliste.fr\/?page_id=27"},"modified":"2025-04-21T19:51:08","modified_gmt":"2025-04-21T17:51:08","slug":"parcours-johan-mathieu","status":"publish","type":"page","link":"https:\/\/dirigeant-mentaliste.fr\/index.php\/parcours-johan-mathieu\/","title":{"rendered":"Parcours Johan MATHIEU"},"content":{"rendered":"\n<div style=\"height:var(--wp--preset--spacing--50)\" aria-hidden=\"true\" class=\"wp-block-spacer\"><\/div>\n\n\n\n<div class=\"wp-block-group alignwide has-global-padding is-layout-constrained wp-block-group-is-layout-constrained\">\n<h1 class=\"wp-block-heading alignwide has-xx-large-font-size\" style=\"line-height:1.2\">Je suis <em>Johan MATHIEU<\/em>, ex fondateur de start-up de la Tech des ann\u00e9es 2000. J&rsquo;ai rejoint un grand groupe du CAC40 en 2010 pour devenir progressivement l&rsquo;un de ses cadres dirigeants.<\/h1>\n\n\n\n<p>Au cours de ma carri\u00e8re riche en rencontres et en contextes strat\u00e9giques vari\u00e9s (7 filiales), j&rsquo;ai pu appr\u00e9hender \u00e0 quel point les sciences humaines prennent une place pr\u00e9pond\u00e9rante dans nos d\u00e9cisions et nos sch\u00e9mas de pens\u00e9es. Les failles de la pens\u00e9e individuelle et collective sont bien plus fr\u00e9quentes qu&rsquo;on ne l&rsquo;imagine.<\/p>\n\n\n\n<p>En parall\u00e8le, <strong>depuis 25 ans, h\u00e9ritier d&rsquo;un savoir-faire qui se transmet \u00e0 travers les g\u00e9n\u00e9rations, je suis devenu un mentaliste<\/strong> passionn\u00e9 qui trouve son inspiration \u00e0 travers des centaines de rencontres lors de spectacles en soir\u00e9es priv\u00e9es, sur sc\u00e8ne ou lors de s\u00e9minaire. Bien implant\u00e9 dans la sph\u00e8re mentaliste fran\u00e7aise et internationale, je renouvelle sans cesse mon r\u00e9pertoire sur les biais cognitifs pour cr\u00e9er l&rsquo;<strong>illusion de la pens\u00e9e rationnelle et \u00e9motionnelle<\/strong>.<\/p>\n\n\n\n<p>Au cours de <strong>conf\u00e9rences p\u00e9dagogiques et interactives<\/strong>, je cr\u00e9e des ponts entre le monde de l&rsquo;entreprise et l&rsquo;art du mentalisme afin de captiver les spectateurs en les amenant \u00e0 faire l\u2019exp\u00e9rience des failles de leur pens\u00e9e et en tirer des outils puissants sur la <strong>communication \u00e0 impact, la prise de d\u00e9cision, la relation client et la n\u00e9gociation commerciale<\/strong>.<\/p>\n<\/div>\n\n\n\n<div class=\"wp-block-group alignfull has-global-padding is-layout-constrained wp-container-core-group-is-layout-b25ccd55 wp-block-group-is-layout-constrained\" style=\"margin-top:0;margin-bottom:0;padding-top:var(--wp--preset--spacing--50);padding-right:var(--wp--preset--spacing--50);padding-bottom:var(--wp--preset--spacing--50);padding-left:var(--wp--preset--spacing--50)\">\n<div class=\"wp-block-columns alignwide is-layout-flex wp-container-core-columns-is-layout-ff4b9c61 wp-block-columns-is-layout-flex\" style=\"margin-top:0;margin-bottom:0\">\n<div class=\"wp-block-column is-layout-flow wp-container-core-column-is-layout-8a368f38 wp-block-column-is-layout-flow\">\n\n\n<div style=\"height:var(--wp--preset--spacing--50)\" aria-hidden=\"true\" class=\"wp-block-spacer\"><\/div>\n\n\n\n\n\n<div style=\"height:var(--wp--preset--spacing--50)\" aria-hidden=\"true\" class=\"wp-block-spacer\"><\/div>\n\n\n<\/div>\n\n\n\n<div class=\"wp-block-column is-layout-flow wp-container-core-column-is-layout-8a368f38 wp-block-column-is-layout-flow\">\n<div style=\"height:var(--wp--preset--spacing--50)\" aria-hidden=\"true\" class=\"wp-block-spacer\"><\/div>\n\n\n\n\n\n<div style=\"height:var(--wp--preset--spacing--50)\" aria-hidden=\"true\" class=\"wp-block-spacer\"><\/div>\n\n\n\n\n\n<div style=\"height:var(--wp--preset--spacing--50)\" aria-hidden=\"true\" class=\"wp-block-spacer\"><\/div>\n\n\n<\/div>\n\n\n\n<div class=\"wp-block-column is-layout-flow wp-container-core-column-is-layout-8a368f38 wp-block-column-is-layout-flow\">\n\n\n<div style=\"height:var(--wp--preset--spacing--50)\" aria-hidden=\"true\" class=\"wp-block-spacer\"><\/div>\n\n\n\n\n\n<div style=\"height:var(--wp--preset--spacing--50)\" aria-hidden=\"true\" class=\"wp-block-spacer\"><\/div>\n\n\n<\/div>\n\n\n\n<div class=\"wp-block-column is-layout-flow wp-container-core-column-is-layout-8a368f38 wp-block-column-is-layout-flow\">\n<div style=\"height:var(--wp--preset--spacing--50)\" aria-hidden=\"true\" class=\"wp-block-spacer\"><\/div>\n\n\n\n\n\n<div style=\"height:var(--wp--preset--spacing--50)\" aria-hidden=\"true\" class=\"wp-block-spacer\"><\/div>\n\n\n\n\n\n<div style=\"height:var(--wp--preset--spacing--50)\" aria-hidden=\"true\" class=\"wp-block-spacer\"><\/div>\n\n\n<\/div>\n<\/div>\n<\/div>\n","protected":false},"excerpt":{"rendered":"<p>Je suis Johan MATHIEU, ex fondateur de start-up de la Tech des ann\u00e9es 2000. J&rsquo;ai rejoint un grand groupe du CAC40 en 2010 pour devenir progressivement l&rsquo;un de ses cadres dirigeants. Au cours de ma carri\u00e8re riche en rencontres et en contextes strat\u00e9giques vari\u00e9s (7 filiales), j&rsquo;ai pu appr\u00e9hender \u00e0 quel point les sciences humaines [&hellip;]<\/p>\n","protected":false},"author":1,"featured_media":0,"parent":0,"menu_order":0,"comment_status":"closed","ping_status":"closed","template":"","meta":{"footnotes":""},"class_list":["post-27","page","type-page","status-publish","hentry"],"_links":{"self":[{"href":"https:\/\/dirigeant-mentaliste.fr\/index.php\/wp-json\/wp\/v2\/pages\/27","targetHints":{"allow":["GET"]}}],"collection":[{"href":"https:\/\/dirigeant-mentaliste.fr\/index.php\/wp-json\/wp\/v2\/pages"}],"about":[{"href":"https:\/\/dirigeant-mentaliste.fr\/index.php\/wp-json\/wp\/v2\/types\/page"}],"author":[{"embeddable":true,"href":"https:\/\/dirigeant-mentaliste.fr\/index.php\/wp-json\/wp\/v2\/users\/1"}],"replies":[{"embeddable":true,"href":"https:\/\/dirigeant-mentaliste.fr\/index.php\/wp-json\/wp\/v2\/comments?post=27"}],"version-history":[{"count":1,"href":"https:\/\/dirigeant-mentaliste.fr\/index.php\/wp-json\/wp\/v2\/pages\/27\/revisions"}],"predecessor-version":[{"id":28,"href":"https:\/\/dirigeant-mentaliste.fr\/index.php\/wp-json\/wp\/v2\/pages\/27\/revisions\/28"}],"wp:attachment":[{"href":"https:\/\/dirigeant-mentaliste.fr\/index.php\/wp-json\/wp\/v2\/media?parent=27"}],"curies":[{"name":"wp","href":"https:\/\/api.w.org\/{rel}","templated":true}]}}